 36292812?
9
What is the tens digit of 16975765?
6
What is the tens digit of 76467919?
1
What is the tens digit of 278506948?
4
What is the ten thousands digit of 36605899?
0
What is the hundred thousands digit of 1491913548?
9
What is the thousands digit of 487508477?
8
What is the thousands digit of 4123879250?
9
What is the ten millions digit of 90714391?
9
What is the millions digit of 68150388?
8
What is the hundreds digit of 52163560?
5
What is the thousands digit of 77287642?
7
What is the units digit of 49454306?
6
What is the hundred thousands digit of 429961604?
9
What is the thousands digit of 1225810375?
0
What is the ten thousands digit of 176250114?
5
What is the ten thousands digit of 517765559?
6
What is the hundred millions digit of 1609679316?
6
What is the hundred thousands digit of 451335463?
3
What is the hundred millions digit of 4651047727?
6
What is the ten millions digit of 122180451?
2
What is the tens digit of 223507549?
4
What is the ten thousands digit of 3905465094?
6
What is the hundreds digit of 161871558?
5
What is the ten millions digit of 109459104?
0
What is the hundred thousands digit of 211075290?
0
What is the hundred thousands digit of 268464593?
4
What is the thousands digit of 343922518?
2
What is the hundred thousands digit of 600224024?
2
What is the billions digit of 3550656748?
3
What is the tens digit of 179511004?
0
What is the hundred thousands digit of 860104089?
1
What is the hundred thousands digit of 16902774?
9
What is the ten thousands digit of 468032685?
3
What is the thousands digit of 31830387?
0
What is the hundreds digit of 24983449?
4
What is the millions digit of 314276870?
4
What is the ten thousands digit of 4814823?
1
What is the ten thousands digit of 617584727?
8
What is the hundreds digit of 836976050?
0
What is the billions digit of 1530103215?
1
What is the thousands digit of 23135264?
5
What is the tens digit of 771609370?
7
What is the millions digit of 38804517?
8
What is the millions digit of 258104937?
8
What is the ten millions digit of 2940943185?
4
What is the tens digit of 550436418?
1
What is the thousands digit of 144041477?
1
What is the hundreds digit of 10830254?
2
What is the millions digit of 694702779?
4
What is the units digit of 2544321952?
2
What is the millions digit of 38610901?
8
What is the hundreds digit of 2526110350?
3
What is the millions digit of 19870791?
9
What is the hundred thousands digit of 32489163?
4
What is the ten thousands digit of 86228074?
2
What is the millions digit of 326367020?
6
What is the hundred thousands digit of 93650415?
6
What is the hundreds digit of 1238564220?
2
What is the ten thousands digit of 2362798455?
9
What is the ten thousands digit of 136241790?
4
What is the thousands digit of 334261740?
1
What is the hundred thousands digit of 4597921?
5
What is the ten thousands digit of 776311664?
1
What is the billions digit of 2347025025?
2
What is the ten thousands digit of 151318022?
1
What is the units digit of 4876600373?
3
What is the ten millions digit of 21245658?
2
What is the ten millions digit of 641683378?
4
What is the tens digit of 274182822?
2
What is the hundred thousands digit of 291153871?
1
What is the hundred thousands digit of 293135507?
1
What is the units digit of 4279140346?
6
What is the millions digit of 31878618?
1
What is the units digit of 5694385647?
7
What is the hundred millions digit of 199915776?
1
What is the ten thousands digit of 88012737?
1
What is the tens digit of 593935239?
3
What is the tens digit of 18547113?
1
What is the millions digit of 1620223347?
0
What is the tens digit of 8507165040?
4
What is the millions digit of 323208327?
3
What is the hundreds digit of 291835625?
6
What is the ten thousands digit of 3338951175?
5
What is the millions digit of 455570074?
5
What is the millions digit of 677705602?
7
What is the thousands digit of 2494268978?
8
What is the billions digit of 4785139395?
4
What is the units digit of 1166252810?
0
What is the thousands digit of 857964719?
4
What is the millions digit of 177466696?
7
What is the hundreds digit of 461151952?
9
What is the billions digit of 7311941755?
7
What is the tens digit of 79593831?
3
What is the thousands digit of 1488431654?
1
What is the millions digit of 2834251316?
4
What is the millions digit of 2032358934?
2
What is the ten thousands digit of 121781072?
8
What is the units digit of 668440592?
2
What is the hundred thousands digit of 955599093?
5
What is the billions digit of 1566495048?
1
What is the hundreds digit of 42470056?
0
What is the hundreds digit of 98496299?
2
What is the tens digit of 7872096?
9
What is the hundred thousands digit of 55974798?
9
What is the hundred thousands digit of 40205114?
2
What is the units digit of 133848046?
6
What is the ten thousands digit of 47504997?
0
What is the ten millions digit of 36930608?
3
What is the ten thousands digit of 104796580?
9
What is the billions digit of 1794647297?
1
What is the hundred thousands digit of 198659744?
6
What is the units digit of 221275296?
6
What is the hundred millions digit of 1770351127?
7
What is the hundred thousands digit of 5530389631?
3
What is the thousands digit of 467147640?
7
What is the millions digit of 1752431611?
2
What is the tens digit of 202453085?
8
What is the hundred thousands digit of 45380197?
3
What is the ten thousands digit of 412854571?
5
What is the tens digit of 96740260?
6
What is the ten thousands digit of 114618794?
1
What is the millions digit of 285798831?
5
What is the thousands digit of 266785385?
5
What is the millions digit of 88987072?
8
What is the thousands digit of 42098045?
8
What is the millions digit of 315303476?
5
What is the millions digit of 41569071?
1
What is the hundred thousands digit of 372667781?
6
What is the ten millions digit of 493229518?
9
What is the billions digit of 5544418419?
5
What is the hundred thousands digit of 144221520?
2
What is the ten thousands digit of 52446196?
4
What is the hundreds digit of 137139673?
6
What is the units digit of 323825111?
1
What is the hundreds digit of 8709236?
2
What is the millions digit of 3055738998?
5
What is the ten millions digit of 1109481090?
0
What is the millions digit of 1003550539?
3
What is the thousands digit of 14440324?
0
What is the millions digit of 499180272?
9
What is the ten millions digit of 861220918?
6
What is the units digit of 474449401?
1
What is the ten thousands digit of 974473810?
7
What is the ten thousands digit of 66591809?
9
What is the units digit of 872824668?
8
What is the millions digit of 54829675?
4
What is the hundred millions digit of 121050569?
1
What is the hundreds digit of 242265044?
0
What is the tens digit of 34726924?
2
What is the millions digit of 772218598?
2
What is the hundred thousands digit of 99765986?
7
What is the hundred thousands digit of 171591591?
5
What is the tens digit of 1919303802?
0
What is the tens digit of 575269111?
1
What is the hundred millions digit of 138444665?
1
What is the millions digit of 97838452?
7
What is the ten millions digit of 8322862675?
2
What is the units digit of 38162477?
7
What is the thousands digit of 260668176?
8
What is the millions digit of 484904332?
4
What is the millions digit of 1517148190?
7
What is the ten millions digit of 316072872?
1
What is the ten thousands digit of 155219769?
1
What is the tens digit of 18225590?
9
What is the millions digit of 10048245?
0
What is the tens digit of 7314233?
3
What is the hundreds digit of 1022674939?
9
What is the tens digit of 29193902?
0
What is the units digit of 4497231397?
7
What is the ten millions digit of 1764174359?
6
What is the units digit of 55635843?
3
What is the tens digit of 386647176?
7
What is the hundred thousands digit of 180887824?
8
What is the millions digit of 4712632?
4
What is the units digit of 106938091?
1
What is the millions digit of 24106510?
4
What is the millions digit of 2375300?
2
What is the tens digit of 9832240?
4
What is the ten millions digit of 5007590273?
0
What is the hundred thousands digit of 584749296?
7
What is the hundred thousands digit of 685099662?
0
What is the hundreds digit of 448969687?
6
What is the thousands digit of 446344355?
4
Wh